0232.
2, 1279
List the prime factors of 880.
2, 5, 11
What are the prime factors of 1387?
19, 73
What are the prime factors of 154613?
154613
What are the prime factors of 1955?
5, 17, 23
List the prime factors of 28953.
3, 3217
List the prime factors of 6898.
2, 3449
What are the prime factors of 850?
2, 5, 17
What are the prime factors of 6660?
2, 3, 5, 37
List the prime factors of 4588.
2, 31, 37
List the prime factors of 1167.
3, 389
What are the prime factors of 3819?
3, 19, 67
List the prime factors of 59171.
7, 79, 107
List the prime factors of 374.
2, 11, 17
What are the prime factors of 9792?
2, 3, 17
List the prime factors of 60340.
2, 5, 7, 431
List the prime factors of 4155.
3, 5, 277
What are the prime factors of 85668?
2, 3, 11, 59
What are the prime factors of 684?
2, 3, 19
What are the prime factors of 55772?
2, 73, 191
List the prime factors of 51141.
3, 17047
List the prime factors of 22144.
2, 173
What are the prime factors of 565?
5, 113
List the prime factors of 317.
317
List the prime factors of 4979.
13, 383
What are the prime factors of 2718?
2, 3, 151
What are the prime factors of 2235?
3, 5, 149
List the prime factors of 4729.
4729
List the prime factors of 2228.
2, 557
List the prime factors of 1339.
13, 103
List the prime factors of 46469.
31, 1499
List the prime factors of 3549.
3, 7, 13
What are the prime factors of 485?
5, 97
What are the prime factors of 33879?
3, 23, 491
List the prime factors of 33502.
2, 7, 2393
What are the prime factors of 2324?
2, 7, 83
List the prime factors of 8701.
7, 11, 113
List the prime factors of 13211.
11, 1201
List the prime factors of 747.
3, 83
What are the prime factors of 945?
3, 5, 7
List the prime factors of 31671.
3, 17, 23
What are the prime factors of 1071?
3, 7, 17
What are the prime factors of 2114?
2, 7, 151
What are the prime factors of 1236?
2, 3, 103
List the prime factors of 2481.
3, 827
What are the prime factors of 1479?
3, 17, 29
List the prime factors of 4325.
5, 173
List the prime factors of 503.
503
List the prime factors of 6236.
2, 1559
What are the prime factors of 18060?
2, 3, 5, 7, 43
List the prime factors of 77804.
2, 53, 367
What are the prime factors of 223?
223
What are the prime factors of 21731?
31, 701
List the prime factors of 72976.
2, 4561
What are the prime factors of 639?
3, 71
List the prime factors of 1941.
3, 647
List the prime factors of 2195.
5, 439
What are the prime factors of 2771?
17, 163
What are the prime factors of 1030?
2, 5, 103
What are the prime factors of 61354?
2, 30677
What are the prime factors of 1816?
2, 227
What are the prime factors of 85423?
13, 6571
What are the prime factors of 109665?
3, 5, 2437
What are the prime factors of 1092?
2, 3, 7, 13
List the prime factors of 5963.
67, 89
What are the prime factors of 661?
661
What are the prime factors of 22456?
2, 7, 401
List the prime factors of 90670.
2, 5, 9067
What are the prime factors of 46064?
2, 2879
What are the prime factors of 25699?
31, 829
List the prime factors of 6105.
3, 5, 11, 37
List the prime factors of 1773.
3, 197
What are the prime factors of 10513?
10513
List the prime factors of 3735.
3, 5, 83
What are the prime factors of 16710?
2, 3, 5, 557
List the prime factors of 27468.
2, 3, 7, 109
What are the prime factors of 965?
5, 193
What are the prime factors of 1553?
1553
List the prime factors of 3888.
2, 3
List the prime factors of 2719.
2719
List the prime factors of 1591.
37, 43
List the prime factors of 1721.
1721
What are the prime factors of 1139?
17, 67
What are the prime factors of 1889?
1889
List the prime factors of 51640.
2, 5, 1291
List the prime factors of 1074.
2, 3, 179
What are the prime factors of 2351?
2351
List the prime factors of 4089.
3, 29, 47
List the prime factors of 6045.
3, 5, 13, 31
List the prime factors of 9418.
2, 17, 277
What are the prime factors of 5015?
5, 17, 59
List the prime factors of 7128.
2, 3, 11
What are the prime factors of 7650?
2, 3, 5, 17
What are the prime factors of 72683?
13, 5591
What are the prime factors of 48607?
13, 3739
List the prime factors of 49093.
11, 4463
What are the prime factors of 548?
2, 137
What are the prime factors of 21384?
2, 3, 11
What are the prime factors of 6594?
2, 3, 7, 157
What are the prime factors of 15377?
15377
What are the prime factors of 738?
2, 3, 41
What are the prime factors of 80864?
2, 7, 19
What are the prime factors of 4667?
13, 359
What are the prime factors of 13234?
2, 13, 509
List the prime factors of 6611.
11, 601
List the prime factors of 1198.
2, 599
List the prime factors of 2546.
2, 19, 67
List the prime factors of 4048.
2, 11, 23
What are the prime factors of 1411?
17, 83
What are the prime factors of 473?
11, 43
What are the prime factors of 1377?
3, 17
What are the prime factors of 10234?
2, 7, 17, 43
What are the prime factors of 15062?
2, 17, 443
What are the prime factors of 16614?
2, 3, 13, 71
List the prime factors of 279.
3, 31
What are the prime factors of 70510?
2, 5, 11, 641
What are the prime factors of 2527?
7, 19
What are the prime factors of 2179?
2179
List the prime factors of 1265.
5, 11, 23
What are the prime factors of 14879?
14879
List the prime factors of 1170.
2, 3, 5, 13
What are the prime factors of 1711?
29, 59
What are the prime factors of 946?
2, 11, 43
List the prime factors of 1773.
3, 197
List the prime factors of 2206.
2, 1103
List the prime factors of 1503.
3, 167
What are the prime factors of 947?
947
List the prime factors of 1115.
5, 223
What are the prime factors of 5484?
2, 3, 457
List the prime factors of 2586.
2, 3, 431
List the prime factors of 398.
2, 199
What are the prime factors of 15029?
7, 19, 113
List the prime factors of 10398.
2, 3, 1733
List the prime factors of 19090.
2, 5, 23, 83
What are the prime factors of 4229?
4229
What are the prime factors of 8237?
8237
List the prime factors of 10154.
2, 5077
List the prime factors of 183329.
183329
List the prime factors of 14387.
14387
What are the prime factors of 22364?
2, 5591
List the prime factors of 10696.
2, 7, 191
List the prime factors of 12707.
97, 131
List the prime factors of 27257.
97, 281
What are the prime factors of 3942?
2, 3, 73
What are the prime factors of 3933?
3, 19, 23
What are the prime factors of 52719?
3, 17573
List the prime factors of 701.
701
What are the prime factors of 4007?
4007
List the prime factors of 3864.
2, 3, 7, 23
List the prime factors of 9601.
9601
What are the prime factors of 8218?
2, 7, 587
List the prime factors of 21771.
3, 41, 59
What are the prime factors of 26065?
5, 13, 401
List the prime factors of 519.
3, 173
List the prime factors of 1893.
3, 631
What are the prime factors of 5?
5
List the prime factors of 1394.
2, 17, 41
What are the prime factors of 7144?
2, 19, 47
List the prime factors of 2620.
2, 5, 131
List the prime factors of 52667.
52667
List the prime factors of 44363.
11, 37, 109
List the prime factors of 20573.
7, 2939
List the prime factors of 38923.
38923
What are the prime factors of 2360?
2, 5, 59
List the prime factors of 5504.
2, 43
List the prime factors of 4679.
4679
List the prime factors of 30327.
3, 11, 919
List the prime factors of 22198.
2, 11, 1009
List the prime factors of 109600.
2, 5, 137
What are the prime factors of 2450?
2, 5, 7
List the prime factors of 2376.
2, 3, 11
What are the prime factors of 772?
2, 193
What are the prime factors of 1695?
3, 5, 113
What are the prime factors of 1123?
1123
List the prime factors of 47869.
47869
List the prime factors of 49315.
5, 7, 1409
List the prime factors of 797.
797
What are the prime factors of 58672?
2, 19, 193
List the prime factors of 42233.
157, 269
List the prime factors of 4585.
5, 7, 131
What are the prime factors of 3751?
11, 31
What are the prime factors of 10844?
2, 2711
List the prime factors of 1545.
3, 5, 103
What are the prime factors of 3792?
2, 3, 79
List the prime factors of 599.
599
List the prime factors of 770.
2, 5, 7, 11
What are the prime factors of 41146?
2, 7, 2939
What are the prime factors of 28210?
2, 5, 7, 13, 31
What are the prime factors of 4218?
2, 3, 19, 37
List the prime factors of 2476.
2, 619
What are the prime factors of 10096?
2, 631
List the prime factors of 969.
3, 17, 19
What